it of (-121)/(-5) + m/10?
4
Let j(v) = -v**3 - 8*v**2 - 6*v + 8. Let a be j(-7). Suppose 2*o = 3*z - a + 10, -5*o + 12 = 3*z. Suppose 2*n = 5*n - o. What is the units digit of n?
1
Let q(l) = 15*l + 4. What is the units digit of q(2)?
4
What is the tens digit of ((-33)/2)/((-2)/4)?
3
Let d = -7 + 35. Let c = d - 18. Suppose t = -t + c, -5*t = u - 35. What is the tens digit of u?
1
What is the units digit of (-10)/4*(-88)/10?
2
Suppose 5*a = 5*h + 5, h + 4*a + 19 + 7 = 0. Suppose -2 - 3 = 5*c. What is the units digit of (c - h/4)*8?
4
Let j = -106 - -51. Let w = j + 80. What is the tens digit of w?
2
Let q be (2 - 5)/(6/16). Let r = q + 6. Let u = r - -7. What is the units digit of u?
5
Let d be (-2)/4 - (-33)/6. Suppose -5*v = -0*v - d. What is the units digit of v?
1
Suppose 2*f + 162 = 2*u - 2*f, 377 = 5*u + 4*f. Suppose 0 = -3*g + u - 8. What is the tens digit of g?
2
What is the units digit of (-3*3/27)/(2/(-390))?
5
Let i(g) = 3*g**3 - 6*g**2 - 3*g - 2. What is the units digit of i(3)?
6
Suppose -3*s + 4*s - 27 = 0. What is the tens digit of s?
2
Let x be ((-8)/3)/(12/(-90)). What is the tens digit of (-198)/(-5) + 8/x?
4
What is the units digit of (-7*5)/(2/((-50)/5))?
5
Let g be 9/(-3) + 2 + 9. Suppose h = 12 + g. Suppose 3*w = -2*w + h. What is the units digit of w?
4
Let u be -3*5/((-45)/(-141)). Let t = -15 - u. What is the units digit of t?
2
Let j(q) = -2*q + 1. Let x be j(3). Let h(s) = 5*s + 2. Let w be h(x). Let t = w - -34. What is the tens digit of t?
1
Let s = 6 + -8. Let u be 13 + (2 - (6 + s)). Let k = 16 - u. What is the units digit of k?
5
Let b = 102 - 70. What is the tens digit of b?
3
Suppose 2*i - 50 = 5*z, 5*i - 149 = -3*z - 24. What is the units digit of i?
5
Suppose u - 11 = -4*c, 0 = -2*u - 5*c - 1 + 11. Let b = u - -16. What is the units digit of b?
1
Suppose 6 + 10 = -4*u. What is the tens digit of u*4*(-12)/8?
2
Let h = 45 - 31. Suppose p - h = -2*b - 2*b, -4*b + 18 = -p. Suppose -5*s = -j - 3*j + 29, j + 2*s - b = 0. What is the units digit of j?
6
Let o = -56 + 81. What is the tens digit of o?
2
Suppose 2*l - 25 = 21. What is the tens digit of l?
2
Let p = -7 - -15. Let b = -5 + p. What is the units digit of b?
3
Let c(d) = d**3 + 6*d**2 - 9*d - 6. Suppose n = 1, -2*n - 11 = 4*q - 5. Let x be q/4*(2 + 12). What is the units digit of c(x)?
8
Let t be (-6)/(1 - (0 - 0)). Let a be ((-9)/t - 1)*6. Suppose 0 = -3*u + 3 + a. What is the units digit of u?
2
Let l(m) = m + 7. Suppose -5*j = 3*a - 1 - 0, j + 1 = 0. Suppose 26 = -u - a*n - 3*n, 0 = -4*u - 3*n - 36. What is the units digit of l(u)?
1
Let r be (-14)/18 - (-16)/(-72). Let i be r*-1*(-3)/(-3). What is the units digit of 20*i + (-12)/4?
7
Let z(h) = h**2 + 5*h + 2. Let v be z(-3). What is the tens digit of 84/v*-1*1?
2
Suppose 0 = 13*r - 5585 + 294. What is the units digit of r?
7
Let n = -7 - -5. Suppose -s + 0*r = 4*r - 1, 5*s - r = 26. What is the units digit of (s/2)/((-1)/n)?
5
Let n(t) = 28*t - 17. What is the units digit of n(5)?
3
Suppose -8*m + 3*m + 190 = 0. Suppose 0 = 2*i + m - 106. What is the units digit of i?
4
Let o = 43 + -27. Suppose -q - o = -3*q - 5*x, -5*x + 7 = -q. Let f(w) = w**2 - w - 4. What is the units digit of f(q)?
2
Let z(b) = -2*b - 7. Suppose 18 + 0 = -3*v. Let d be z(v). Suppose -2*q = -33 + d. What is the units digit of q?
4
Let i(m) = 56. Let z(g) = g + 111. Let v(q) = 7*i(q) - 3*z(q). What is the tens digit of v(0)?
5
Let w(c) = -c**2 - 8*c + 7. What is the units digit of w(-6)?
9
Suppose w + 7 = 82. Suppose 5*a + 5*p = w, -3*a + 7*a = 5*p + 33. What is the units digit of a?
2
Let j(u) = -u**2 - 7*u - 5. Let i be j(-5). Suppose 31 = 2*c - 5*m, i*m + 1 = -c - 6. Suppose -3*v + c*v = 75. What is the units digit of v?
5
Let h = -6 + 4. Let o(y) = -y**2 - y + 1. Let l be o(h). What is the units digit of 0 + -2*(-5 - l)?
8
Let u(k) = 2*k**3 - 5*k**2 - 3*k + 5. Let o be u(4). Let l = o - 22. What is the tens digit of l?
1
Let a(v) = 9*v**2 - 4*v + 2. Let i be a(2). Suppose i = -f - 2*f. What is the units digit of (-20)/8*36/f?
9
Let q = 14 + -8. Let f be (-3)/((27/120)/(-3)). Suppose -a - f = -q*a. What is the units digit of a?
8
Suppose 2*r = 3*r - 16. Suppose r + 50 = 2*a. What is the tens digit of a?
3
Let q be (18/(-5))/(3/(-20)). What is the units digit of (q/18)/((-3)/(-9))?
4
Let k(o) = -o + 14. Let g be k(-10). Suppose 3*f = 7*f - 12. Suppose 0*l + g = f*l. What is the units digit of l?
8
Suppose -1190 = -8*s + s. What is the units digit of s?
0
Let i(b) = b**3 - 5*b**2 - 5*b - 4. Let v be i(6). Suppose -3*m - h + 7 = -v*h, -3 = -2*m + h. What is the units digit of m?
4
Suppose -32 + 10 = -2*w. Let g = w - 6. Suppose 3*y - 6 = 0, 3*k - g - 9 = 5*y. What is the units digit of k?
8
Suppose 0 = 2*s + 2*s - 16. Let a be (1 + 1 + -1)*0. What is the units digit of (a + s + -1)*1?
3
Let p be (-106)/(3 + -4 + 3). Let h = 77 + p. Suppose 0 = 4*g - h - 16. What is the units digit of g?
0
Let n be (2/6)/(6/(-18)). Let s be (2*4)/(0 - n). Suppose c = 1 + s. What is the units digit of c?
9
Let g(f) = 8*f - 19. Let d be g(9). Let c = d + -19. What is the tens digit of c?
3
Let l = -5 - 19. Let b = l + 16. What is the units digit of (b/(-16))/(2/68)?
7
Let x(l) be the third derivative of l**4/2 + l**3/2 + 2*l**2. Let u be x(3). Let k = u - 22. What is the units digit of k?
7
Let l = 248 - -34. What is the tens digit of l?
8
What is the units digit of (-1)/5*(-90)/18?
1
Suppose -3*j = -7*j + 1756. What is the hundreds digit of j?
4
Suppose 10 + 104 = 3*h. What is the units digit of 3/(-6) - h/(-4)?
9
Suppose -8*k + 322 + 350 = 0. What is the tens digit of k?
8
Suppose 2*z - 5*n - 53 = -0*z, 3*z = 3*n + 75. What is the units digit of z?
4
Suppose 3*b - 28 = 98. What is the units digit of b?
2
Suppose 0 = -4*w + 23 - 3. Let r(k) = 3 - w + 2*k - k. What is the units digit of r(8)?
6
Let s = 11 + 1. Let i(a) = a**3 + 4*a**2 - 3. Let j be i(-3). Let o = s - j. What is the units digit of o?
6
Let d(w) = -3 - 5*w**2 + 4 + 6*w + 3*w**3 + 2 - 2*w**3. What is the units digit of d(5)?
3
Let i(l) = 6*l**2 - 9*l + 3. What is the hundreds digit of i(-5)?
1
Let m(h) = h**2 - 2*h + 2. What is the tens digit of m(5)?
1
Let p(t) = -2*t**2 + t + 45. What is the tens digit of p(0)?
4
Let q(l) = l**3 - 2*l**2 - l. Let z be q(2). Let k = 15 + z. What is the units digit of k?
3
Suppose 3*g = 5*g - 56. What is the units digit of g?
8
Suppose -3*r + 3*l = -3, 2*r + 0*l = -5*l + 30. Let v(w) = w**3 - 5*w**2 + 5*w - 6. What is the units digit of v(r)?
9
Let l = -1 - -4. Suppose 26 = l*f + 5*d, 6*f - 3*d - 32 = f. What is the units digit of f?
7
Suppose 0 = 9*d + 9*d - 1800. What is the units digit of d?
0
Let m(w) = -2*w + 3. Let v(g) = g - 1. Let f(l) = 4*m(l) + 7*v(l). What is the units digit of f(-4)?
9
What is the tens digit of 1091*2/8 + 6/(-8)?
7
Suppose 3*m = 170 + 145. What is the tens digit of m?
0
Let x = 27 + -53. Let g = 41 + x. Suppose -g = -2*w - 3*o, 3*o = 3*w - w - 9. What is the units digit of w?
6
Let q(u) = -1. Let g(j) = 5*j**2 + 2*j - 10. Let z(k) = g(k) - 3*q(k). Let m(h) = -6*h**2 - 2*h + 8. Let d(v) = 4*m(v) + 5*z(v). What is the tens digit of d(3)?
1
Let x(d) = 3*d**2 - 7*d - 1. What is the tens digit of x(6)?
6
Let c(v) = 4*v - 4. What is the units digit of c(2)?
4
Suppose -244 = -5*f - 19. What is the units digit of f?
5
Suppose 4*t - 338 = -h, -3*t + 1775 = -h + 6*h. What is the units digit of h?
8
Suppose 3*p - m - 2 = 0, -2*p - m + 8 = -0*p. Let d = p + 16. What is the units digit of d?
8
Let q = -11 - -19. What is the units digit of 1/2 - (-28)/q?
4
Let s = -72 + 105. What is the units digit of s?
3
Let t = 70 - 26. What is the tens digit of t?
4
Let p(h) = -2*h - 9. Let v be p(-6). Let y(t) = t**2 - 9*t + 12. Let g be y(8). Suppose g*c - 5*c = -v. What is the units digit of c?
3
Let n = 9 + -6. Suppose 95 + 133 = n*c. Suppose -o + 5*s - s = -19, 4*o = s + c. What is the tens digit of o?
1
Let d be 540/21*28/6. Let o = -71 + d. What is the tens digit of o?
4
Let k(o) = o**3 + 5*o**2 - 3. Let g be -1 + 1/((-1)/(-21)). Suppose 0 = -5*i - 0*i - g. What is the units digit of k(i)?
3
Suppose 0 = 4*l - 7*l - 48. What is the units digit of -1 - (3 + l)*1?
2
Let s(g) be the third derivative of -g**4/12 - g**3/3 + 2*g**2. What is the u